(7 - (1 - 1)) + 4?
3
Calculate -15 + (-2 + 8 - -1).
-8
What is -2 - (14 + -8 + -11)?
3
Calculate -2 - -13 - 6 - 8.
-3
Calculate (2 - -8 - 9) + 1.
2
What is 2 + (0 - (-2 - -5))?
-1
Evaluate -8 - (7 + -2 + -19 - -7).
-1
What is 4 + (-1 + (4 - 4) - 1)?
2
Calculate 6 - (-3 + 9 - 3 - 2).
5
Calculate (5 - 7) + (0 - 1).
-3
Calculate 8 + 6 + -15 + 4.
3
-17 - -23 - (-1 + 2)
5
What is the value of (21 - 17) + (1 - 2)?
3
Calculate -1 - 5 - (-42 - -42).
-6
-7 + (6 - 7) + 3
-5
What is the value of (5 - -1) + (-30 - -26)?
2
(7 - 8 - (-4 + 0)) + -1
2
(9 - (6 - -6)) + 8
5
What is the value of -4 - (14 + -13 + 0)?
-5
What is -1 - -2 - 11 - (-5 + 0)?
-5
What is (-1 - 3) + 4 - 1 - -4?
3
What is -5 + (5 - -1) + -7?
-6
(4 - 5) + -1 + 3 + 3
4
Calculate -1 - ((0 - 0) + -1).
0
-4 - (-7 + 5 - -3)
-5
What is 1 - (2 + (-1 + 1 - 0))?
-1
What is the value of (0 + 6 + -3 - 7) + 0?
-4
3 - 2 - (-6 - -6)
1
Evaluate (2 - (2 - 5)) + (-72 - -74).
7
What is 0 - -2 - (7 - (-2 + 8))?
1
Calculate 1 + (1 - (1 - 1)).
2
What is the value of -3 - (3 + (5 - 10))?
-1
What is 2 - -1 - (5 + -12 + 8)?
2
What is (6 - 13) + 13 + -4 + -1?
1
What is (-41 - -29) + (0 - -3)?
-9
Calculate -4 - ((0 - -1) + -1).
-4
What is the value of (-50 - -49) + (2 - (0 + 1))?
0
What is (-1 + 4 - -4) + -4?
3
What is 8 + (-4 - 0 - 5)?
-1
Evaluate (-10 - -1) + 4 + 2 + -2.
-5
Calculate 1 + 4 + -5 + 35 + -27.
8
What is the value of (-14 - -26) + -7 + (-10 - 1)?
-6
What is the value of 8 - (-6 + 19 - 0) - -8?
3
What is the value of 1 + 3 + (-8 - -3) + -1?
-2
Evaluate (6 - 8) + (-5 - -2) + 10.
5
3 + (0 - 1) + 2
4
What is the value of -4 + (-1 - 6) + 4?
-7
Calculate (-26 - -35) + -8 + 2.
3
1 + -12 + 9 + 3
1
(6 - 1) + 0 + -8 - -10
7
What is 4 - 0 - (-1 - -4) - -2?
3
Evaluate (-2 - 0) + -12 + 12.
-2
-22 - -14 - (-3 - (-1 + 1))
-5
Evaluate (0 - (4 + -2 + -9)) + -4.
3
What is (6 - (4 + -3)) + -3?
2
What is 7 - (-3 - 2) - (5 + 2)?
5
Calculate 6 - (2 + (-3 - -8)).
-1
Calculate 0 + 5 - 2 - -1.
4
What is the value of 2 - (3 - (8 - 3))?
4
What is -3 + -2 + -1 - -2?
-4
What is the value of -2 - (1 + -4 + -4)?
5
-1 - -4 - (10 - (5 - -1))
-1
What is the value of (6 - (-5 - -12)) + -1?
-2
Calculate (0 - -8) + -24 + 21.
5
Calculate -1 + 6 + 0 - 2 - 3.
0
Calculate 8 - (-4 - (-17 + 2)).
-3
What is the value of (2 - (5 - -3)) + (-2 - -4)?
-4
Evaluate (-5 - (4 + -9)) + 3.
3
Evaluate (3 - (3 - -1)) + -4.
-5
What is the value of 3 + (-5 - -2 - (0 - -2))?
-2
(-8 - -1) + -26 + 1 + 25
-7
What is 4 - (0 + (3 - 4))?
5
What is the value of 10 - (17 - (-1 - -10))?
2
Evaluate 6 + -19 + 8 + 8.
3
(-1 - 3 - -1) + 4 + 0
1
-8 + (2 - (-5 + 6 + -1))
-6
-5 + ((1 - -1) + 0 - 0)
-3
(-157 - -146) + (-1 + 3 - 0)
-9
What is -5 + -3 - (-12 + 5)?
-1
(1 - -7) + -3 + 4 + -5
4
What is the value of -4 - ((4 - 0) + (-50 - -49))?
-7
Calculate -3 + (4 - (-1 - 4 - -2)).
4
What is -7 - (-14 + (7 - 0))?
0
Calculate 16 - 7 - (2 + 4).
3
What is (-1 - (-2 + (-1 - 0))) + 1?
3
9 + (0 - 10) - (5 - 2)
-4
Evaluate (-3 - -2) + -3 + 13 + -15.
-6
Evaluate 0 - (-8 - -10 - 5).
3
Calculate -4 + (-7 - (-11 + 4 - -5)).
-9
What is 7 + 0 + (-4 + 1 - 1)?
3
What is -1 - -1 - 2 - (-7 + 0)?
5
Calculate 4 + (4 + -2 - (-12 - -17)).
1
What is (5 - (-6 - -5)) + -8 + -1?
-3
What is the value of -7 + 3 + 3 + 4 + -4?
-1
Evaluate 1 - (7 - 5 - (-3 + 1)).
-3
What is the value of 3 - (-3 + -5) - 4?
7
-2 + (4 - (0 - (0 - 0)))
2
Evaluate 11 + (-18 + 10 - -2).
5
Evaluate 13 + -12 + -11 + 14.
4
Evaluate (-6 - -3) + 8 + 4 + -7.
2
(-3 - -5) + (2 - 0)
4
Calculate -4 + -1 + (-5 - -5).
-5
Calculate 0 - -4 - (-113 - -121).
-4
Evaluate (-4 - -7) + (-9 - -8) + 4.
6
Evaluate -1 - (-5 - 0 - -8) - -5.
1
-3 - -6 - (1 + 7)
-5
Evaluate (-3 - -1) + (5 - 6 - -3).
0
What is the value of (1 - -1) + (-5 - (3 - 2))?
-4
Evaluate -1 + 3 + 1 + 0 + 1.
4
Evaluate (0 + 5 - (26 - 20)) + 0.
-1
Evaluate 11 - (6 - (-7 + 4)).
2
Evaluate -11 + (6 - (5 + -3)) - -1.
-6
Calculate (-1 - (-1 + 1 + 1)) + 4.
2
Evaluate -13 + (3 - -14) + (-5 - 2).
-3
8 + -7 - (3 - 3)
1
(-1 + -1 - (-15 + 15)) + 1
-1
Evaluate -2 - -1 - (89 + -97).
7
(8 - 5) + -5 - 0
-2
Evaluate (4 - 0 - 5 - 2) + 3.
0
What is the value of -3 - ((-5 - -6) + -3 - 6)?
5
What is -13 - -3 - (-60 - -49)?
1
What is -3 + (-6 - -3) - 1 - -10?
3
Calculate 4 - 5 - (5 - 2 - 3).
-1
Evaluate (-1 - 3 - (-1 - 2)) + 3.
2
13 - ((-7 - (2 - 11)) + 5)
6
-6 + (3 + -8 - -8)
-3
Calculate 3 + (1 - 7) + -1 + 5.
1
What is the value of 1 + (3 + -3 - (-7 - -3))?
5
Evaluate (18 - 1) + (-5 - 1) - 5.
6
What is (2 - 5) + (-5 - -14)?
6
Evaluate 6 - 12 - (-2 + (-2 - -2)).
-4
What is the value of -1 - -2 - -2 - (-12 + 13)?
2
Evaluate (6 - (-2 + 3)) + 4.
9
What is -2 + 0 + 11 + -1 + -4?
4
What is -5 - -1 - (1 - (9 + 2))?
6
Evaluate -3 + 6 + 0 + -4.
-1
What is the value of -4 + 1 + 3 - (1 - 0)?
-1
What is the value of 2 + (0 - 7 - -3)?
-2
-9 + 9 + -3 - (0 - 0)
-3
0 + -10 - (4 - 17)
3
Evaluate (5 - (-5 - (5 - 10))) + 0.
5
8 + -7 + (-1 - 2) + 2
0
Calculate -6 + (-3 - -8) + 0.
-1
What is the value of -2 + 5 + 0 - (19 + -22)?
6
Calculate 0 + 0 - (-46 - -48).
-2
Calculate (3 - 1) + 11 + -14.
-1
Evaluate 11 + -2 - (-81 + 88).
2
What is -18 - (-10 - (-15 + 14))?
-9
-11 - (-9 - -10 - 13)
1
What is the value of -2 + 8 + -7 + (-2 - -8)?
5
5 + -3 - 0 - -3
5
50 + -49 + (0 - (3 + -2))
0
What is the value of (-4 - (3 + -3)) + 2 + -8?
-10
-43 + 34 + 4 + (2 - 2)
-5
Evaluate -2 + 2 + 37 + -39.
-2
0 - -1 - ((9 - 4) + -6)
2
What is -18 + 16 - (-4 - 0)?
2
Calculate -7 - -1 - -4 - -5.
3
Calculate 3 + 5 + -4 - -1.
5
1 + -2 + (-10 - -5) + 9
3
Calculate 3 + -10 - (-8 - -4 - 0).
-3
What is the value of (-3 - -1) + 1 + -4?
-5
Calculate -2 - 1 - 6 - -8.
-1
What is 0 + -5 + -35 + 42?
2
(3 - 0) + -10 - -6
-1
What is -4 + (8 - -3) + 0 + -2?
5
Calculate (-7 - 1) + -44 + 41.
-11
What is -4 + 0 - (-1 - 0) - -4?
1
Evaluate 5 + (-6 - (2 + -7)).
4
What is the value of -9 + 7 - (1 + -5 + 9)?
-7
Calculate 26 + -24 + (3 - 1).
4
Evaluate -14 + 11 + (9 - -4).
10
What is the value of -3 - (-4 - -6) - -13?
8
What is the value of 3 + (-1 - 3) + (-6 - -9)?
2
What is the value of 1 - 8 - -3 - 1?
-5
2 + -2 - (9 + -12)
3
What is -4 - (2 + -9) - 7?
-4
Calculate 6 + (-2 - 3) + 2.
3
Calculate -4 - (-1 + 2 - -5 - 0).
-10
(-7 - (-12 + 5)) + -6 + -3
-9
(31 - 38) + -4 + 1
-10
Calculate -7 - (-9 - -6) - (3 - 5).
-2
Evaluate -8 - (-13 + 6) - (-1 + -2).
2
What is the value of (5 + -15 - -5) + 4 - 4?
-5
Evaluate -1 - (4 + -2 + 2).
-5
Evaluate 11 + (0 - 3) + -7.
1
-2 + (-2 - (0 - 6))
2
-11 + 13 + -10 + 1 + -2
-9
What is 5 + -1 + (-32 - -27)?
-1
What is the value of -2 - (2 + (-12 + 7 - -7))?
-6
Evaluate -7 + -4 - -4 - (-10 - -2).
1
Evaluate -2 - ((2 - (-1 - -2)) + 2).
-5
Evaluate 4 + -2 + -5 + -1.
-4
Calculate -3 - (3 - (-2 + 4)).
-4
Evaluate 2 + (0 + 0 - -3).
5
Evaluate (-4 - (2 + -4)) + -1.
-3
What is the value of -4 + 1 - -3 - 3?
-3
What is the value of 0 + 5 - (-5 - (-17 - -13))?
6
What is -3 - -2 - -4 - (-5 - 0)?
8
-6 + -2 + 7 + 2
1
-1 + -2 + (-6 - -3 - -3)
-3
What is the value of -10 + -1 - (109 + -110)?
-10
What is the value of 6 - (9 + -5 + -1)?
3
Evaluate -3 - (25 + -19 - (8 - 0)).
-1
What is the value of 10 + (-2 - 6) + (-1 - 0)?
1
What is 3 + -5 + 2 + 2?
2
Calculate (-2 + 1 - 0 - -1) + -2.
-2
What is -5 + (-6 - (1 - 9))?
-3
Calculate -1 + -1 + 1 + -4.
-5
What is the value of -2 - (-3 + (-2 - -3) + -5)?
5
What is 5 + 2 - 8 - -4?
3
What is (3 - 2) + (-2 + 3 - 2)?
0
(-2 + 3 - 7) + (131 - 123)
2
What is 6 - (-5 + 12 + 3)?
-4
What is (5 - 0) + -8 + 3?
0
Evaluate ((5 - 10) + 4 - 0) + -3.
-4
Calculate (8 - (1 - -6)) + 3 + 0.
4
What is the value of -6 - -6 - (5 - 9)?
4
What is the value of -11 - ((-3 - 0) + -9)?
1
Evaluate -5 - -9 - (0 - -6).
-2
Evaluate (-10 - (-5 + -3)) + (-7 - -2).
-7
Calculate (27 - 21) + -3 + 1 + 1.
5
-6 - -4 - -2 - 1
-1
Evaluate (1 - (4 - -2)) + 4.
-1
Calculate 1 + (-2 - (3 - 9 - -3)).
2
Calculate -2 - 0 - (-21 - -19).
0
(-1 - -2) + -1 - (-3 - -5)
-2
What is 5 + -4 - (8 - 3)?
-4
Calculate 3 + -2 + (0 + 3 - 3).
1
Calculate -1 - -6 - (1 - 0 - -5).
-1
What is 10 + -4 + -4 + 0?
2
Calculate (5 + 3 + -1 - 4) + -3.
0
Evaluate (18 - 19) + (-1 - -1).
-1
Evaluate 1 - -1 - 13 - -8.
-3
0 - 1 - 2 - 1
-4
What is (5 - ((-1 - -6) + 0)) + -3?
-3
What is the value of -5 + (-2 + 3 + -1 - -1)?
-4
0 + 3 + (-2 - 3)
-2
What is 2 - (2 + 4) - -7?
3
Calculate -12 - -15 - (-2